{"id":5,"date":"2017-06-19T10:51:39","date_gmt":"2017-06-19T10:51:39","guid":{"rendered":"https:\/\/xml-io.proteusthemes.com\/gympress\/?page_id=5"},"modified":"2022-11-20T14:34:10","modified_gmt":"2022-11-20T14:34:10","slug":"chaveiro-em-osasco-24-horas-atendemos-toda-a-regiao","status":"publish","type":"page","link":"https:\/\/www.chaveirocobraosasco.com.br\/1\/","title":{"rendered":"HOME"},"content":{"rendered":"<div id=\"pl-5\"  class=\"panel-layout\" ><div id=\"pg-5-0\"  class=\"panel-grid panel-has-style\" ><div class=\"siteorigin-panels-stretch panel-row-style panel-row-style-for-5-0\" data-stretch-type=\"full\" ><div id=\"pgc-5-0-0\"  class=\"panel-grid-cell\" ><div id=\"panel-5-0-0-0\" class=\"so-panel widget widget_pw_notice widget-notice panel-first-child panel-last-child\" data-index=\"0\" ><div class=\"panel-widget-style panel-widget-style-for-5-0-0-0\" >\t\t\t<div class=\"important-notice  important-notice--center\">\n\t\t\t\t<div class=\"important-notice__label\" style=\"background-color: #dd3333;\">\n\t\t\t\t\t<i class=\"fa  fa-phone\" aria-hidden=\"true\"><\/i>\n\t\t\t\t\t<div class=\"important-notice__label-text\">\n\t\t\t\t\t\t11 99571-7875\t\t\t\t\t<\/div>\n\t\t\t\t<\/div>\n\t\t\t\t<div class=\"important-notice__text\">\n\t\t\t\t\t\tEXPERIENCIA E CONFIAN\u00c7A BOM ATENDIMENTO\t\t\t\t<\/div>\n\t\t\t<\/div>\n\t\t<\/div><\/div><\/div><\/div><\/div><div id=\"pg-5-1\"  class=\"panel-grid panel-no-style\" ><div id=\"pgc-5-1-0\"  class=\"panel-grid-cell\" ><div id=\"panel-5-1-0-0\" class=\"so-panel widget widget_sow-editor panel-first-child panel-last-child\" data-index=\"1\" ><div\n\t\t\t\n\t\t\tclass=\"so-widget-sow-editor so-widget-sow-editor-base\"\n\t\t\t\n\t\t>\n<div class=\"siteorigin-widget-tinymce textwidget\">\n\t<h3 style=\"text-align: center;\"><span style=\"color: #ff0000;\">CHAVEIRO EM OSASCO E REGIAO ATENDIMENTO 24 HORAS<\/span><\/h3>\n<p>Com anos de experi\u00eancia na \u00e1rea, Executamos todos os servi\u00e7os de\u00a0<a href=\"https:\/\/www.chaveirocobraosasco.com.br\/2022\/\">chaveiro em Osasco<\/a>\u00a0e estamos a disposi\u00e7\u00e3o 24 horas por dia. Fazemos o m\u00e1ximo para chegar com rapidez no local da emerg\u00eancia e resolver o seu problema.<a href=\"https:\/\/www.chaveirocobraosasco.com.br\/2022\/servicos-chaveiro\/chaveiro-24-horas-osasco\/\">\u00a0O chaveiro Cobra Osasco 24 horas,<\/a>\u00a0\u00a0disponibiliza tamb\u00e9m profissionais extremamente qualificados e experientes para que seu problema seja solucionado com agilidade e com qualidade no<a href=\"https:\/\/www.chaveirocobraosasco.com.br\/2022\/servicos\/\">\u00a0servi\u00e7o prestado<\/a>.<\/p>\n<hr \/>\n<p>&nbsp;<\/p>\n<\/div>\n<\/div><\/div><\/div><div id=\"pgc-5-1-1\"  class=\"panel-grid-cell\" ><div id=\"panel-5-1-1-0\" class=\"so-panel widget widget_sow-editor panel-first-child panel-last-child\" data-index=\"2\" ><div\n\t\t\t\n\t\t\tclass=\"so-widget-sow-editor so-widget-sow-editor-base\"\n\t\t\t\n\t\t>\n<div class=\"siteorigin-widget-tinymce textwidget\">\n\t<p><img loading=\"lazy\" decoding=\"async\" class=\"aligncenter size-medium wp-image-1380\" src=\"http:\/\/www.chaveirocobraosasco.com.br\/1\/wp-content\/uploads\/2022\/11\/011-99571-7875-300x251.jpg\" alt=\"\" width=\"300\" height=\"251\" srcset=\"https:\/\/www.chaveirocobraosasco.com.br\/1\/wp-content\/uploads\/2022\/11\/011-99571-7875-300x251.jpg 300w, https:\/\/www.chaveirocobraosasco.com.br\/1\/wp-content\/uploads\/2022\/11\/011-99571-7875-768x644.jpg 768w, https:\/\/www.chaveirocobraosasco.com.br\/1\/wp-content\/uploads\/2022\/11\/011-99571-7875.jpg 940w\" sizes=\"(max-width: 300px) 100vw, 300px\" \/><\/p>\n<\/div>\n<\/div><\/div><\/div><\/div><div id=\"pg-5-2\"  class=\"panel-grid panel-has-style\" ><div class=\"siteorigin-panels-stretch panel-row-style panel-row-style-for-5-2\" data-stretch-type=\"full\" ><div id=\"pgc-5-2-0\"  class=\"panel-grid-cell\" ><div id=\"panel-5-2-0-0\" class=\"so-panel widget widget_sow-editor panel-first-child panel-last-child\" data-index=\"3\" ><div\n\t\t\t\n\t\t\tclass=\"so-widget-sow-editor so-widget-sow-editor-base\"\n\t\t\t\n\t\t>\n<div class=\"siteorigin-widget-tinymce textwidget\">\n\t<h2 style=\"text-align: center;\"><span style=\"color: #ffffff;\">CHAVEIRO EM OSASCO BARUERI ALPHAVILLE<\/span><\/h2>\n<p style=\"text-align: center;\">\n<\/div>\n<\/div><\/div><\/div><\/div><\/div><div id=\"pg-5-3\"  class=\"panel-grid panel-no-style\" ><div id=\"pgc-5-3-0\"  class=\"panel-grid-cell\" ><div id=\"panel-5-3-0-0\" class=\"so-panel widget widget_sow-editor panel-first-child panel-last-child\" data-index=\"4\" ><div\n\t\t\t\n\t\t\tclass=\"so-widget-sow-editor so-widget-sow-editor-base\"\n\t\t\t\n\t\t>\n<div class=\"siteorigin-widget-tinymce textwidget\">\n\t<h2 style=\"text-align: center;\"><span style=\"color: #ffffff;\">CHAVEIRO EM OSASCO BARUERI ALPHAVILLE<\/span><\/h2>\n<p style=\"text-align: center;\"><img loading=\"lazy\" decoding=\"async\" class=\"aligncenter wp-image-1231 size-full\" src=\"http:\/\/www.chaveirocobraosasco.com.br\/1\/wp-content\/uploads\/2022\/03\/BANERS-INICIAL-ESCOLA-1.jpg\" alt=\"CHAVEIRO EM OSASCO E REGIAO \" width=\"350\" height=\"180\" srcset=\"https:\/\/www.chaveirocobraosasco.com.br\/1\/wp-content\/uploads\/2022\/03\/BANERS-INICIAL-ESCOLA-1.jpg 350w, https:\/\/www.chaveirocobraosasco.com.br\/1\/wp-content\/uploads\/2022\/03\/BANERS-INICIAL-ESCOLA-1-300x154.jpg 300w\" sizes=\"(max-width: 350px) 100vw, 350px\" \/><\/p>\n<\/div>\n<\/div><\/div><\/div><div id=\"pgc-5-3-1\"  class=\"panel-grid-cell\" ><div id=\"panel-5-3-1-0\" class=\"so-panel widget widget_sow-editor panel-first-child panel-last-child\" data-index=\"5\" ><div\n\t\t\t\n\t\t\tclass=\"so-widget-sow-editor so-widget-sow-editor-base\"\n\t\t\t\n\t\t>\n<div class=\"siteorigin-widget-tinymce textwidget\">\n\t<h2 style=\"text-align: center;\"><span style=\"color: #ffffff;\">CHAVEIRO EM OSASCO BARUERI ALPHAVILLE<\/span><\/h2>\n<p style=\"text-align: center;\"><img loading=\"lazy\" decoding=\"async\" class=\"aligncenter wp-image-1230 size-full\" src=\"http:\/\/www.chaveirocobraosasco.com.br\/1\/wp-content\/uploads\/2022\/03\/BANERS-INICIAL-EMPRESA.jpg\" alt=\"CHAVEIRO EM OSASCO E REGIAO \" width=\"350\" height=\"180\" srcset=\"https:\/\/www.chaveirocobraosasco.com.br\/1\/wp-content\/uploads\/2022\/03\/BANERS-INICIAL-EMPRESA.jpg 350w, https:\/\/www.chaveirocobraosasco.com.br\/1\/wp-content\/uploads\/2022\/03\/BANERS-INICIAL-EMPRESA-300x154.jpg 300w\" sizes=\"(max-width: 350px) 100vw, 350px\" \/><\/p>\n<\/div>\n<\/div><\/div><\/div><div id=\"pgc-5-3-2\"  class=\"panel-grid-cell\" ><div id=\"panel-5-3-2-0\" class=\"so-panel widget widget_sow-editor panel-first-child panel-last-child\" data-index=\"6\" ><div\n\t\t\t\n\t\t\tclass=\"so-widget-sow-editor so-widget-sow-editor-base\"\n\t\t\t\n\t\t>\n<div class=\"siteorigin-widget-tinymce textwidget\">\n\t<h2 style=\"text-align: center;\"><span style=\"color: #ffffff;\">CHAVEIRO EM OSASCO BARUERI ALPHAVILLE<\/span><\/h2>\n<p style=\"text-align: center;\"><img loading=\"lazy\" decoding=\"async\" class=\"aligncenter wp-image-1229 size-full\" src=\"http:\/\/www.chaveirocobraosasco.com.br\/1\/wp-content\/uploads\/2022\/03\/BANERS-INICIAL-ELETRONICA.jpg\" alt=\"CHAVEIRO EM OSASCO E REGIAO \" width=\"350\" height=\"180\" srcset=\"https:\/\/www.chaveirocobraosasco.com.br\/1\/wp-content\/uploads\/2022\/03\/BANERS-INICIAL-ELETRONICA.jpg 350w, https:\/\/www.chaveirocobraosasco.com.br\/1\/wp-content\/uploads\/2022\/03\/BANERS-INICIAL-ELETRONICA-300x154.jpg 300w\" sizes=\"(max-width: 350px) 100vw, 350px\" \/><\/p>\n<\/div>\n<\/div><\/div><\/div><\/div><div id=\"pg-5-4\"  class=\"panel-grid panel-has-style\" ><div class=\"panel-row-style panel-row-style-for-5-4\" ><div id=\"pgc-5-4-0\"  class=\"panel-grid-cell\" ><div id=\"panel-5-4-0-0\" class=\"so-panel widget widget_sow-editor panel-first-child panel-last-child\" data-index=\"7\" ><div\n\t\t\t\n\t\t\tclass=\"so-widget-sow-editor so-widget-sow-editor-base\"\n\t\t\t\n\t\t>\n<div class=\"siteorigin-widget-tinymce textwidget\">\n\t<p><img loading=\"lazy\" decoding=\"async\" class=\"aligncenter wp-image-552 size-full\" src=\"http:\/\/www.chaveirocobraosasco.com.br\/1\/wp-content\/uploads\/2019\/03\/CARS1.png\" alt=\"CHAVEIRO EM OSASCO E REGIAO \" width=\"1200\" height=\"100\" srcset=\"https:\/\/www.chaveirocobraosasco.com.br\/1\/wp-content\/uploads\/2019\/03\/CARS1.png 1200w, https:\/\/www.chaveirocobraosasco.com.br\/1\/wp-content\/uploads\/2019\/03\/CARS1-300x25.png 300w, https:\/\/www.chaveirocobraosasco.com.br\/1\/wp-content\/uploads\/2019\/03\/CARS1-768x64.png 768w, https:\/\/www.chaveirocobraosasco.com.br\/1\/wp-content\/uploads\/2019\/03\/CARS1-1024x85.png 1024w\" sizes=\"(max-width: 1200px) 100vw, 1200px\" \/><\/p>\n<\/div>\n<\/div><\/div><\/div><\/div><\/div><div id=\"pg-5-5\"  class=\"panel-grid panel-has-style\" ><div class=\"panel-row-style panel-row-style-for-5-5\" ><div id=\"pgc-5-5-0\"  class=\"panel-grid-cell\" ><div id=\"panel-5-5-0-0\" class=\"so-panel widget widget_pw_accordion widget-accordion panel-first-child panel-last-child\" data-index=\"8\" >\t<div class=\"accordion panel-group\" id=\"accordion-widget-5-0-0\" role=\"tablist\" aria-multiselectable=\"true\">\n\t\t\t<div class=\"accordion__panel  panel  panel-default  card\">\n\t\t\t<div class=\"accordion__heading  panel-heading\" role=\"tab\" id=\"heading-widget-5-0-0-1\">\n\t\t\t\t<div class=\"panel-title\">\n\t\t\t\t\t<a class=\"collapsed\" role=\"button\" data-toggle=\"collapse\" data-parent=\"#accordion-widget-5-0-0\" href=\"#collapse-widget-5-0-0-1\" aria-expanded=\"false\" aria-controls=\"collapse-widget-5-0-0-1\">\n\t\t\t\t\t\tChaveiro Residencial\t\t\t\t\t<\/a>\n\t\t\t\t<\/div>\n\t\t\t<\/div>\n\t\t\t<div id=\"collapse-widget-5-0-0-1\" class=\"accordion__content  panel-collapse  collapse\" role=\"tabpanel\" aria-labelledby=\"heading-widget-5-0-0-1\">\n\t\t\t\t<div class=\"panel-body\">\n\t\t\t\t\tPrecisando de c\u00f3pia de chaves em Osasco e regi\u00e3o? Esse servi\u00e7o \u00e9 o mais procurado e realizado por nossos chaveiros, e perder as chaves \u00e9 um dos principais motivos pelo qual o servi\u00e7o \u00e9 procurado. Se voc\u00ea perdeu a chave em um local ou at\u00e9 mesmo precisa tirar uma c\u00f3pia para ter consigo ou com os seus familiares, o Chaveiro Cobra Osasco \u00e9 uma empresa indicada, pois \u00e9 refer\u00eancia em c\u00f3pia de chaves e executa esse servi\u00e7o sempre com rapidez e qualidade.\n\nConfeccionamos tamb\u00e9m a sua chave a partir do miolo da pr\u00f3pria fechadura.\n\nCaso esteja precisando de c\u00f3pia de chave em Osasco e regi\u00e3o, entre em contato conosco e solicite um or\u00e7amento. Trabalhamos com c\u00f3pia de chave yale, tetra e tamb\u00e9m fazemos c\u00f3pia de chaves para carros dos mais variados modelos.\n\n\t\t\t\t<\/div>\n\t\t\t<\/div>\n\t\t<\/div>\n\t\t\t<div class=\"accordion__panel  panel  panel-default  card\">\n\t\t\t<div class=\"accordion__heading  panel-heading\" role=\"tab\" id=\"heading-widget-5-0-0-2\">\n\t\t\t\t<div class=\"panel-title\">\n\t\t\t\t\t<a class=\"collapsed\" role=\"button\" data-toggle=\"collapse\" data-parent=\"#accordion-widget-5-0-0\" href=\"#collapse-widget-5-0-0-2\" aria-expanded=\"false\" aria-controls=\"collapse-widget-5-0-0-2\">\n\t\t\t\t\t\tChaveiro Condom\u00ednios\t\t\t\t\t<\/a>\n\t\t\t\t<\/div>\n\t\t\t<\/div>\n\t\t\t<div id=\"collapse-widget-5-0-0-2\" class=\"accordion__content  panel-collapse  collapse\" role=\"tabpanel\" aria-labelledby=\"heading-widget-5-0-0-2\">\n\t\t\t\t<div class=\"panel-body\">\n\t\t\t\t\tPrecisando de c\u00f3pia de chaves em Osasco e regi\u00e3o? Esse servi\u00e7o \u00e9 o mais procurado e realizado por nossos chaveiros, e perder as chaves \u00e9 um dos principais motivos pelo qual o servi\u00e7o \u00e9 procurado.\n\nSe voc\u00ea perdeu a chave em um local ou at\u00e9 mesmo precisa tirar uma c\u00f3pia para ter consigo ou com os seus familiares, o Chaveiro Cobra Osasco \u00e9 uma empresa indicada, pois \u00e9 refer\u00eancia em c\u00f3pia de chaves e executamos esse servi\u00e7o sempre com rapidez e qualidade.\n\nConfeccionamos tamb\u00e9m a sua chave a partir do miolo da pr\u00f3pria fechadura.\n\nCaso esteja precisando de c\u00f3pia de chave em Osasco e regi\u00e3o, entre em contato conosco e solicite um or\u00e7amento. Trabalhamos com c\u00f3pia de chave yale, tetra e tamb\u00e9m fazemos c\u00f3pia de chaves para carros dos mais variados modelos.\n\nCom anos de experi\u00eancia na \u00e1rea, Executamos todos os servi\u00e7os de chaveiro e estamos a disposi\u00e7\u00e3o 24 horas por dia. Fazemos o m\u00e1ximo para chegar com rapidez no local da emerg\u00eancia e resolver o seu problema. O chaveiro Cobra Osasco 24 horas,  disponibiliza tamb\u00e9m profissionais extremamente qualificados e experientes para que seu problema seja solucionado com agilidade e com qualidade no servi\u00e7o prestado.\t\t\t\t<\/div>\n\t\t\t<\/div>\n\t\t<\/div>\n\t\t\t<div class=\"accordion__panel  panel  panel-default  card\">\n\t\t\t<div class=\"accordion__heading  panel-heading\" role=\"tab\" id=\"heading-widget-5-0-0-3\">\n\t\t\t\t<div class=\"panel-title\">\n\t\t\t\t\t<a class=\"collapsed\" role=\"button\" data-toggle=\"collapse\" data-parent=\"#accordion-widget-5-0-0\" href=\"#collapse-widget-5-0-0-3\" aria-expanded=\"false\" aria-controls=\"collapse-widget-5-0-0-3\">\n\t\t\t\t\t\tNossos Servi\u00e7os\t\t\t\t\t<\/a>\n\t\t\t\t<\/div>\n\t\t\t<\/div>\n\t\t\t<div id=\"collapse-widget-5-0-0-3\" class=\"accordion__content  panel-collapse  collapse\" role=\"tabpanel\" aria-labelledby=\"heading-widget-5-0-0-3\">\n\t\t\t\t<div class=\"panel-body\">\n\t\t\t\t\tNossos Servi\u00e7os\n\u2714 Abertura de portas\n\u2714 Abertura de cofres\n\u2714 Chaves Codificadas nacionais\n\u2714 Chaves Codificadas importadas\n\u2714Abertura resid\u00eancia, escrit\u00f3rio, loja etc\n\u2714 Abertura de carros nacionais\n\u2714 Abertura de carros importados (Hyundai, Range Rover, Mitsubishi, Kia)\n\u2714 Confec\u00e7\u00e3o de chaves codificadas\n\u2714 Confec\u00e7\u00e3o e c\u00f3pia de chaves simples\n\u2714 Confec\u00e7\u00e3o e c\u00f3pia de chaves tetra\n\u2714 C\u00f3pia pantogr\u00e1fica, multi-pontos e codificada\n\u2714 Chaves Telecomando\n\u2714 Chaves canivete\n\u2714 Chaves de presen\u00e7a (keyless)\t\t\t\t<\/div>\n\t\t\t<\/div>\n\t\t<\/div>\n\t\t\t<\/div>\n\n<\/div><\/div><div id=\"pgc-5-5-1\"  class=\"panel-grid-cell\" ><div id=\"panel-5-5-1-0\" class=\"so-panel widget widget_sow-editor panel-first-child panel-last-child\" data-index=\"9\" ><div\n\t\t\t\n\t\t\tclass=\"so-widget-sow-editor so-widget-sow-editor-base\"\n\t\t\t\n\t\t>\n<div class=\"siteorigin-widget-tinymce textwidget\">\n\t<p><img loading=\"lazy\" decoding=\"async\" class=\"aligncenter wp-image-1385 size-full\" src=\"http:\/\/www.chaveirocobraosasco.com.br\/1\/wp-content\/uploads\/2022\/11\/fechadura.jpg\" alt=\"\" width=\"940\" height=\"788\" srcset=\"https:\/\/www.chaveirocobraosasco.com.br\/1\/wp-content\/uploads\/2022\/11\/fechadura.jpg 940w, https:\/\/www.chaveirocobraosasco.com.br\/1\/wp-content\/uploads\/2022\/11\/fechadura-300x251.jpg 300w, https:\/\/www.chaveirocobraosasco.com.br\/1\/wp-content\/uploads\/2022\/11\/fechadura-768x644.jpg 768w\" sizes=\"(max-width: 940px) 100vw, 940px\" \/><\/p>\n<\/div>\n<\/div><\/div><\/div><\/div><\/div><div id=\"pg-5-6\"  class=\"panel-grid panel-has-style\" ><div class=\"siteorigin-panels-stretch panel-row-style panel-row-style-for-5-6\" data-stretch-type=\"full\" ><div id=\"pgc-5-6-0\"  class=\"panel-grid-cell\" ><div id=\"panel-5-6-0-0\" class=\"so-panel widget widget_sow-editor panel-first-child panel-last-child\" data-index=\"10\" ><div class=\"panel-widget-style panel-widget-style-for-5-6-0-0\" ><div\n\t\t\t\n\t\t\tclass=\"so-widget-sow-editor so-widget-sow-editor-base\"\n\t\t\t\n\t\t>\n<div class=\"siteorigin-widget-tinymce textwidget\">\n\t<p><img loading=\"lazy\" decoding=\"async\" class=\"aligncenter wp-image-771 size-full\" src=\"http:\/\/www.chaveirocobraosasco.com.br\/1\/wp-content\/uploads\/2021\/07\/banner-pagseguro-rodape.png\" alt=\"chaveiro osasco\" width=\"819\" height=\"183\" srcset=\"https:\/\/www.chaveirocobraosasco.com.br\/1\/wp-content\/uploads\/2021\/07\/banner-pagseguro-rodape.png 819w, https:\/\/www.chaveirocobraosasco.com.br\/1\/wp-content\/uploads\/2021\/07\/banner-pagseguro-rodape-300x67.png 300w, https:\/\/www.chaveirocobraosasco.com.br\/1\/wp-content\/uploads\/2021\/07\/banner-pagseguro-rodape-768x172.png 768w\" sizes=\"(max-width: 819px) 100vw, 819px\" \/><\/p>\n<\/div>\n<\/div><\/div><\/div><\/div><\/div><\/div><div id=\"pg-5-7\"  class=\"panel-grid panel-has-style\" ><div class=\"siteorigin-panels-stretch panel-row-style panel-row-style-for-5-7\" data-stretch-type=\"full\" ><div id=\"pgc-5-7-0\"  class=\"panel-grid-cell\" ><div id=\"panel-5-7-0-0\" class=\"so-panel widget widget_sow-editor panel-first-child\" data-index=\"11\" ><div class=\"panel-widget-style panel-widget-style-for-5-7-0-0\" ><div\n\t\t\t\n\t\t\tclass=\"so-widget-sow-editor so-widget-sow-editor-base\"\n\t\t\t\n\t\t>\n<div class=\"siteorigin-widget-tinymce textwidget\">\n\t<p><center><iframe loading=\"lazy\" style=\"border: 0;\" src=\"https:\/\/www.google.com\/maps\/embed?pb=!1m18!1m12!1m3!1d117055.24326949813!2d-46.85447695381965!3d-23.533352937180243!2m3!1f0!2f0!3f0!3m2!1i1024!2i768!4f13.1!3m3!1m2!1s0x94ce5583db0fdfef%3A0x90ee3c33b723aa9c!2sOsasco%20-%20SP!5e0!3m2!1spt-BR!2sbr!4v1647228440469!5m2!1spt-BR!2sbr\" width=\"1000\" height=\"300\" allowfullscreen=\"allowfullscreen\"><\/iframe><\/center><\/p>\n<\/div>\n<\/div><\/div><\/div><div id=\"panel-5-7-0-1\" class=\"so-panel widget widget_sow-editor panel-last-child\" data-index=\"12\" ><div class=\"panel-widget-style panel-widget-style-for-5-7-0-1\" ><div\n\t\t\t\n\t\t\tclass=\"so-widget-sow-editor so-widget-sow-editor-base\"\n\t\t\t\n\t\t>\n<div class=\"siteorigin-widget-tinymce textwidget\">\n\t<p><script type=\"text\/javascript\" src=\"https:\/\/cdn.ywxi.net\/js\/1.js\" async><\/script><\/p>\n<\/div>\n<\/div><\/div><\/div><\/div><\/div><\/div><\/div>","protected":false},"excerpt":{"rendered":"<p>CHAVEIRO EM OSASCO E REGIAO ATENDIMENTO 24 HORAS Com anos de experi\u00eancia na \u00e1rea, Executamos todos os servi\u00e7os de\u00a0chaveiro em Osasco\u00a0e estamos a disposi\u00e7\u00e3o 24 horas por dia. Fazemos o m\u00e1ximo para chegar com rapidez no local da emerg\u00eancia e resolver o seu problema.\u00a0O chaveiro Cobra Osasco 24 horas,\u00a0\u00a0disponibiliza tamb\u00e9m profissionais extremamente qualificados e experientes &hellip;<\/p>\n","protected":false},"author":1,"featured_media":0,"parent":0,"menu_order":0,"comment_status":"closed","ping_status":"closed","template":"template-front-page-slider.php","meta":{"_acf_changed":false,"_monsterinsights_skip_tracking":false,"_monsterinsights_sitenote_active":false,"_monsterinsights_sitenote_note":"","_monsterinsights_sitenote_category":0,"footnotes":""},"class_list":{"0":"post-5","1":"page","2":"type-page","3":"status-publish","5":"clearfix","6":"article"},"acf":[],"yoast_head":"<!-- This site is optimized with the Yoast SEO Premium plugin v18.0 (Yoast SEO v20.13) - https:\/\/yoast.com\/wordpress\/plugins\/seo\/ -->\n<title>Chaveiro Osasco Barueri Alphaville Santana de Parnaiba aldeia<\/title>\n<meta name=\"description\" content=\"Com anos de experi\u00eancia na \u00e1rea, Executamos todos os servi\u00e7os de chaveiro em Osasco e estamos a disposi\u00e7\u00e3o 24 horas por dia. 11 99571-7875\" \/>\n<meta name=\"robots\" content=\"index, follow, max-snippet:-1, max-image-preview:large, max-video-preview:-1\" \/>\n<link rel=\"canonical\" href=\"https:\/\/www.chaveirocobraosasco.com.br\/1\/\" \/>\n<meta property=\"og:locale\" content=\"pt_BR\" \/>\n<meta property=\"og:type\" content=\"article\" \/>\n<meta property=\"og:title\" content=\"HOME\" \/>\n<meta property=\"og:description\" content=\"Com anos de experi\u00eancia na \u00e1rea, Executamos todos os servi\u00e7os de chaveiro em Osasco e estamos a disposi\u00e7\u00e3o 24 horas por dia. 11 99571-7875\" \/>\n<meta property=\"og:url\" content=\"https:\/\/www.chaveirocobraosasco.com.br\/1\/\" \/>\n<meta property=\"og:site_name\" content=\"Chaveiro Cobra em Osasco Ligue 11 99571-7875 Atendimento em Osasco e regi&atilde;o 24 Horas\" \/>\n<meta property=\"article:modified_time\" content=\"2022-11-20T14:34:10+00:00\" \/>\n<meta property=\"og:image\" content=\"http:\/\/www.chaveirocobraosasco.com.br\/1\/wp-content\/uploads\/2022\/11\/011-99571-7875-300x251.jpg\" \/>\n<meta name=\"twitter:card\" content=\"summary_large_image\" \/>\n<meta name=\"twitter:label1\" content=\"Est. tempo de leitura\" \/>\n\t<meta name=\"twitter:data1\" content=\"2 minutos\" \/>\n<script type=\"application\/ld+json\" class=\"yoast-schema-graph\">{\"@context\":\"https:\/\/schema.org\",\"@graph\":[{\"@type\":\"WebPage\",\"@id\":\"https:\/\/www.chaveirocobraosasco.com.br\/1\/\",\"url\":\"https:\/\/www.chaveirocobraosasco.com.br\/1\/\",\"name\":\"Chaveiro Osasco Barueri Alphaville Santana de Parnaiba aldeia\",\"isPartOf\":{\"@id\":\"https:\/\/www.chaveirocobraosasco.com.br\/1\/#website\"},\"datePublished\":\"2017-06-19T10:51:39+00:00\",\"dateModified\":\"2022-11-20T14:34:10+00:00\",\"description\":\"Com anos de experi\u00eancia na \u00e1rea, Executamos todos os servi\u00e7os de chaveiro em Osasco e estamos a disposi\u00e7\u00e3o 24 horas por dia. 11 99571-7875\",\"breadcrumb\":{\"@id\":\"https:\/\/www.chaveirocobraosasco.com.br\/1\/#breadcrumb\"},\"inLanguage\":\"pt-BR\",\"potentialAction\":[{\"@type\":\"ReadAction\",\"target\":[\"https:\/\/www.chaveirocobraosasco.com.br\/1\/\"]}]},{\"@type\":\"BreadcrumbList\",\"@id\":\"https:\/\/www.chaveirocobraosasco.com.br\/1\/#breadcrumb\",\"itemListElement\":[{\"@type\":\"ListItem\",\"position\":1,\"name\":\"Home\",\"item\":\"https:\/\/www.chaveirocobraosasco.com.br\/1\/\"},{\"@type\":\"ListItem\",\"position\":2,\"name\":\"HOME\"}]},{\"@type\":\"WebSite\",\"@id\":\"https:\/\/www.chaveirocobraosasco.com.br\/1\/#website\",\"url\":\"https:\/\/www.chaveirocobraosasco.com.br\/1\/\",\"name\":\"Chaveiro Cobra em Osasco Ligue 11 99571-7875 Atendimento em Osasco e regi&atilde;o 24 Horas\",\"description\":\"Chaveiro Cobra em Osasco Atendimento 24 horas \",\"publisher\":{\"@id\":\"https:\/\/www.chaveirocobraosasco.com.br\/1\/#organization\"},\"potentialAction\":[{\"@type\":\"SearchAction\",\"target\":{\"@type\":\"EntryPoint\",\"urlTemplate\":\"https:\/\/www.chaveirocobraosasco.com.br\/1\/?s={search_term_string}\"},\"query-input\":\"required name=search_term_string\"}],\"inLanguage\":\"pt-BR\"},{\"@type\":\"Organization\",\"@id\":\"https:\/\/www.chaveirocobraosasco.com.br\/1\/#organization\",\"name\":\"Chaveiro Cobra Osasco\",\"url\":\"https:\/\/www.chaveirocobraosasco.com.br\/1\/\",\"logo\":{\"@type\":\"ImageObject\",\"inLanguage\":\"pt-BR\",\"@id\":\"https:\/\/www.chaveirocobraosasco.com.br\/1\/#\/schema\/logo\/image\/\",\"url\":\"http:\/\/www.chaveirocobraosasco.com.br\/1\/wp-content\/uploads\/2019\/03\/LOGO-COBRA.png\",\"contentUrl\":\"http:\/\/www.chaveirocobraosasco.com.br\/1\/wp-content\/uploads\/2019\/03\/LOGO-COBRA.png\",\"width\":388,\"height\":183,\"caption\":\"Chaveiro Cobra Osasco\"},\"image\":{\"@id\":\"https:\/\/www.chaveirocobraosasco.com.br\/1\/#\/schema\/logo\/image\/\"}}]}<\/script>\n<!-- \/ Yoast SEO Premium plugin. -->","yoast_head_json":{"title":"Chaveiro Osasco Barueri Alphaville Santana de Parnaiba aldeia","description":"Com anos de experi\u00eancia na \u00e1rea, Executamos todos os servi\u00e7os de chaveiro em Osasco e estamos a disposi\u00e7\u00e3o 24 horas por dia. 11 99571-7875","robots":{"index":"index","follow":"follow","max-snippet":"max-snippet:-1","max-image-preview":"max-image-preview:large","max-video-preview":"max-video-preview:-1"},"canonical":"https:\/\/www.chaveirocobraosasco.com.br\/1\/","og_locale":"pt_BR","og_type":"article","og_title":"HOME","og_description":"Com anos de experi\u00eancia na \u00e1rea, Executamos todos os servi\u00e7os de chaveiro em Osasco e estamos a disposi\u00e7\u00e3o 24 horas por dia. 11 99571-7875","og_url":"https:\/\/www.chaveirocobraosasco.com.br\/1\/","og_site_name":"Chaveiro Cobra em Osasco Ligue 11 99571-7875 Atendimento em Osasco e regi&atilde;o 24 Horas","article_modified_time":"2022-11-20T14:34:10+00:00","og_image":[{"url":"http:\/\/www.chaveirocobraosasco.com.br\/1\/wp-content\/uploads\/2022\/11\/011-99571-7875-300x251.jpg"}],"twitter_card":"summary_large_image","twitter_misc":{"Est. tempo de leitura":"2 minutos"},"schema":{"@context":"https:\/\/schema.org","@graph":[{"@type":"WebPage","@id":"https:\/\/www.chaveirocobraosasco.com.br\/1\/","url":"https:\/\/www.chaveirocobraosasco.com.br\/1\/","name":"Chaveiro Osasco Barueri Alphaville Santana de Parnaiba aldeia","isPartOf":{"@id":"https:\/\/www.chaveirocobraosasco.com.br\/1\/#website"},"datePublished":"2017-06-19T10:51:39+00:00","dateModified":"2022-11-20T14:34:10+00:00","description":"Com anos de experi\u00eancia na \u00e1rea, Executamos todos os servi\u00e7os de chaveiro em Osasco e estamos a disposi\u00e7\u00e3o 24 horas por dia. 11 99571-7875","breadcrumb":{"@id":"https:\/\/www.chaveirocobraosasco.com.br\/1\/#breadcrumb"},"inLanguage":"pt-BR","potentialAction":[{"@type":"ReadAction","target":["https:\/\/www.chaveirocobraosasco.com.br\/1\/"]}]},{"@type":"BreadcrumbList","@id":"https:\/\/www.chaveirocobraosasco.com.br\/1\/#breadcrumb","itemListElement":[{"@type":"ListItem","position":1,"name":"Home","item":"https:\/\/www.chaveirocobraosasco.com.br\/1\/"},{"@type":"ListItem","position":2,"name":"HOME"}]},{"@type":"WebSite","@id":"https:\/\/www.chaveirocobraosasco.com.br\/1\/#website","url":"https:\/\/www.chaveirocobraosasco.com.br\/1\/","name":"Chaveiro Cobra em Osasco Ligue 11 99571-7875 Atendimento em Osasco e regi&atilde;o 24 Horas","description":"Chaveiro Cobra em Osasco Atendimento 24 horas ","publisher":{"@id":"https:\/\/www.chaveirocobraosasco.com.br\/1\/#organization"},"potentialAction":[{"@type":"SearchAction","target":{"@type":"EntryPoint","urlTemplate":"https:\/\/www.chaveirocobraosasco.com.br\/1\/?s={search_term_string}"},"query-input":"required name=search_term_string"}],"inLanguage":"pt-BR"},{"@type":"Organization","@id":"https:\/\/www.chaveirocobraosasco.com.br\/1\/#organization","name":"Chaveiro Cobra Osasco","url":"https:\/\/www.chaveirocobraosasco.com.br\/1\/","logo":{"@type":"ImageObject","inLanguage":"pt-BR","@id":"https:\/\/www.chaveirocobraosasco.com.br\/1\/#\/schema\/logo\/image\/","url":"http:\/\/www.chaveirocobraosasco.com.br\/1\/wp-content\/uploads\/2019\/03\/LOGO-COBRA.png","contentUrl":"http:\/\/www.chaveirocobraosasco.com.br\/1\/wp-content\/uploads\/2019\/03\/LOGO-COBRA.png","width":388,"height":183,"caption":"Chaveiro Cobra Osasco"},"image":{"@id":"https:\/\/www.chaveirocobraosasco.com.br\/1\/#\/schema\/logo\/image\/"}}]}},"_links":{"self":[{"href":"https:\/\/www.chaveirocobraosasco.com.br\/1\/wp-json\/wp\/v2\/pages\/5"}],"collection":[{"href":"https:\/\/www.chaveirocobraosasco.com.br\/1\/wp-json\/wp\/v2\/pages"}],"about":[{"href":"https:\/\/www.chaveirocobraosasco.com.br\/1\/wp-json\/wp\/v2\/types\/page"}],"author":[{"embeddable":true,"href":"https:\/\/www.chaveirocobraosasco.com.br\/1\/wp-json\/wp\/v2\/users\/1"}],"replies":[{"embeddable":true,"href":"https:\/\/www.chaveirocobraosasco.com.br\/1\/wp-json\/wp\/v2\/comments?post=5"}],"version-history":[{"count":61,"href":"https:\/\/www.chaveirocobraosasco.com.br\/1\/wp-json\/wp\/v2\/pages\/5\/revisions"}],"predecessor-version":[{"id":1440,"href":"https:\/\/www.chaveirocobraosasco.com.br\/1\/wp-json\/wp\/v2\/pages\/5\/revisions\/1440"}],"wp:attachment":[{"href":"https:\/\/www.chaveirocobraosasco.com.br\/1\/wp-json\/wp\/v2\/media?parent=5"}],"curies":[{"name":"wp","href":"https:\/\/api.w.org\/{rel}","templated":true}]}}